{"id":479,"date":"2025-10-04T16:22:06","date_gmt":"2025-10-04T16:22:06","guid":{"rendered":"https:\/\/hukuknotum.com\/?post_type=product&#038;p=479"},"modified":"2025-10-04T16:33:30","modified_gmt":"2025-10-04T16:33:30","slug":"medeni-hukuk-1-vize-final","status":"publish","type":"product","link":"https:\/\/hukuknotum.com\/?product=medeni-hukuk-1-vize-final","title":{"rendered":"Medeni Hukuk 1 Vize &#8211; Final"},"content":{"rendered":"<ul>\n<li><strong>Ayr\u0131nt\u0131l\u0131 Medeni Hukuku konular\u0131n\u0131 i\u00e7erir.<\/strong><\/li>\n<\/ul>\n<ul>\n<li><strong>Sayfa Say\u0131s\u0131 106<\/strong><\/li>\n<\/ul>\n","protected":false},"excerpt":{"rendered":"<p>Ayr\u0131nt\u0131l\u0131 Medeni Hukuku konular\u0131n\u0131 i\u00e7erir. Sayfa Say\u0131s\u0131 106<\/p>\n","protected":false},"featured_media":118,"template":"","meta":[],"product_brand":[],"product_cat":[29],"product_tag":[],"class_list":{"0":"post-479","1":"product","2":"type-product","3":"status-publish","4":"has-post-thumbnail","6":"product_cat-hukuk-1-sinif","8":"first","9":"instock","10":"shipping-taxable","11":"purchasable","12":"product-type-variable"},"_links":{"self":[{"href":"https:\/\/hukuknotum.com\/index.php?rest_route=\/wp\/v2\/product\/479","targetHints":{"allow":["GET"]}}],"collection":[{"href":"https:\/\/hukuknotum.com\/index.php?rest_route=\/wp\/v2\/product"}],"about":[{"href":"https:\/\/hukuknotum.com\/index.php?rest_route=\/wp\/v2\/types\/product"}],"wp:featuredmedia":[{"embeddable":true,"href":"https:\/\/hukuknotum.com\/index.php?rest_route=\/wp\/v2\/media\/118"}],"wp:attachment":[{"href":"https:\/\/hukuknotum.com\/index.php?rest_route=%2Fwp%2Fv2%2Fmedia&parent=479"}],"wp:term":[{"taxonomy":"product_brand","embeddable":true,"href":"https:\/\/hukuknotum.com\/index.php?rest_route=%2Fwp%2Fv2%2Fproduct_brand&post=479"},{"taxonomy":"product_cat","embeddable":true,"href":"https:\/\/hukuknotum.com\/index.php?rest_route=%2Fwp%2Fv2%2Fproduct_cat&post=479"},{"taxonomy":"product_tag","embeddable":true,"href":"https:\/\/hukuknotum.com\/index.php?rest_route=%2Fwp%2Fv2%2Fproduct_tag&post=479"}],"curies":[{"name":"wp","href":"https:\/\/api.w.org\/{rel}","templated":true}]}}