{"id":470,"date":"2025-10-04T16:22:05","date_gmt":"2025-10-04T16:22:05","guid":{"rendered":"https:\/\/hukuknotum.com\/?post_type=product&#038;p=470"},"modified":"2025-10-04T16:41:00","modified_gmt":"2025-10-04T16:41:00","slug":"medeni-hukuku-2-aile-hukuku","status":"publish","type":"product","link":"https:\/\/hukuknotum.com\/?product=medeni-hukuku-2-aile-hukuku","title":{"rendered":"MEDEN\u0130 HUKUKU 2 (Aile Hukuku)"},"content":{"rendered":"<ul>\n<li><strong>Sayfa Say\u0131s\u0131 : 101<\/strong><\/li>\n<li><strong>Ayr\u0131nt\u0131l\u0131 Medeni hukuk konular\u0131n\u0131 i\u00e7erir<\/strong><\/li>\n<\/ul>\n","protected":false},"excerpt":{"rendered":"<p>Sayfa Say\u0131s\u0131 : 101 Ayr\u0131nt\u0131l\u0131 Medeni hukuk konular\u0131n\u0131 i\u00e7erir<\/p>\n","protected":false},"featured_media":106,"template":"","meta":[],"product_brand":[],"product_cat":[29],"product_tag":[],"class_list":{"0":"post-470","1":"product","2":"type-product","3":"status-publish","4":"has-post-thumbnail","6":"product_cat-hukuk-1-sinif","8":"first","9":"instock","10":"shipping-taxable","11":"purchasable","12":"product-type-variable"},"_links":{"self":[{"href":"https:\/\/hukuknotum.com\/index.php?rest_route=\/wp\/v2\/product\/470","targetHints":{"allow":["GET"]}}],"collection":[{"href":"https:\/\/hukuknotum.com\/index.php?rest_route=\/wp\/v2\/product"}],"about":[{"href":"https:\/\/hukuknotum.com\/index.php?rest_route=\/wp\/v2\/types\/product"}],"wp:featuredmedia":[{"embeddable":true,"href":"https:\/\/hukuknotum.com\/index.php?rest_route=\/wp\/v2\/media\/106"}],"wp:attachment":[{"href":"https:\/\/hukuknotum.com\/index.php?rest_route=%2Fwp%2Fv2%2Fmedia&parent=470"}],"wp:term":[{"taxonomy":"product_brand","embeddable":true,"href":"https:\/\/hukuknotum.com\/index.php?rest_route=%2Fwp%2Fv2%2Fproduct_brand&post=470"},{"taxonomy":"product_cat","embeddable":true,"href":"https:\/\/hukuknotum.com\/index.php?rest_route=%2Fwp%2Fv2%2Fproduct_cat&post=470"},{"taxonomy":"product_tag","embeddable":true,"href":"https:\/\/hukuknotum.com\/index.php?rest_route=%2Fwp%2Fv2%2Fproduct_tag&post=470"}],"curies":[{"name":"wp","href":"https:\/\/api.w.org\/{rel}","templated":true}]}}